 + -38210885?
-38210882
In base 5, what is -3 - -233114043022?
233114043014
In base 5, what is 4124111 - -222312?
4401423
In base 3, what is 1002 - 121000202021?
-121000201012
In base 5, what is 2004442 - -1302132?
3312124
In base 11, what is -126684 - 72?
-126746
In base 15, what is 2 - -1c41d38?
1c41d3a
In base 2, what is 11111011000000101011 - 110101110?
11111010111001111101
In base 15, what is 7 + -173a31?
-173a29
In base 3, what is 121120 - -1112221001?
1120112121
In base 4, what is 333300 - 22020?
311220
In base 5, what is -1324 - -301313?
244434
In base 12, what is -405 - -713b?
6936
In base 2, what is 1111110100010 - 100010000101001011?
-100000000110101001
In base 7, what is 12033236 + -122?
12033114
In base 10, what is 164848489 - 3?
164848486
In base 12, what is -9 + 323a5147?
323a513a
In base 4, what is -20031102121 + 20?
-20031102101
In base 4, what is -120003033330032 - 1?
-120003033330033
In base 12, what is -59a0a719 + 1?
-59a0a718
In base 9, what is 2311 + -84415?
-82104
In base 7, what is -144132641 - 1?
-144132642
In base 8, what is -55 + -26410?
-26465
In base 3, what is 12 - 10221001212210120?
-10221001212210101
In base 16, what is 1 + 627364?
627365
In base 14, what is 12 - 362c4a?
-362c38
In base 10, what is -97423804 - 0?
-97423804
In base 4, what is 12333000213 + -11?
12333000202
In base 2, what is 1000101100001001011010110 + 1?
1000101100001001011010111
In base 3, what is 11210210121 - 101220?
11210101201
In base 10, what is 1921580 - 9?
1921571
In base 4, what is -13102323020322 + 10?
-13102323020312
In base 9, what is -264 - -32648?
32374
In base 9, what is 8 + -1476458?
-1476450
In base 5, what is 132131 + 202224?
334410
In base 9, what is 20821 + -708?
20112
In base 12, what is 160757aa - 1?
160757a9
In base 6, what is -23 - 202513520?
-202513543
In base 12, what is a6 + -5b568?
-5b482
In base 3, what is -101222 + -11100210010101?
-11100210112100
In base 3, what is 101011110 + -11220222?
12020111
In base 11, what is 70014 - -74?
70088
In base 5, what is -1223443 - 1333?
-1230331
In base 5, what is 33 + -32304130?
-32304042
In base 14, what is 115 - 4cd38?
-4cc23
In base 8, what is -33174574 - 46?
-33174642
In base 6, what is 35510 - -2125?
42035
In base 4, what is -10203110 + 11331?
-10131113
In base 8, what is -1342 + 370654?
367312
In base 9, what is -588114335 - -5?
-588114330
In base 11, what is 78592 - 150?
78442
In base 6, what is 520525 - 113?
520412
In base 9, what is 1258067 - 21?
1258046
In base 15, what is 8204 + -27?
81cc
In base 8, what is -25307 - -1320?
-23767
In base 3, what is 100210111110210 - -1021?
100210111112001
In base 14, what is dbdca + 304?
dc2d0
In base 6, what is 3 - 1114144005?
-1114144002
In base 14, what is 6961 - 64?
68db
In base 5, what is 124040334 - 24?
124040310
In base 9, what is 4 - 13165188?
-13165184
In base 16, what is 229be + 1d48?
24706
In base 11, what is -4 + 66a699?
66a695
In base 9, what is 52720 + -82?
52627
In base 7, what is 61 + 561020?
561111
In base 16, what is -9ca986 - 2?
-9ca988
In base 5, what is -1023320333 + -2032?
-1023322420
In base 8, what is 5 - -57711426?
57711433
In base 8, what is -5620473 - 0?
-5620473
In base 16, what is 8a500 - -21?
8a521
In base 15, what is -18db0 + bd?
-18ce2
In base 5, what is -40312 - -433?
-34324
In base 16, what is -32 - 14b3e3?
-14b415
In base 4, what is -10 - -11330130312?
11330130302
In base 10, what is 681 - 7316?
-6635
In base 2, what is -1110110100000110011 - 1011110001?
-1110110101100100100
In base 3, what is -101202221102 - 20100?
-101210011202
In base 3, what is -21001102 - 10010202?
-101012011
In base 8, what is 223337652 + -2?
223337650
In base 10, what is 71132 + -6110?
65022
In base 6, what is 4105 - 50313?
-42204
In base 15, what is -dcb248 - -30?
-dcb218
In base 13, what is 5b880a8 + -7?
5b880a1
In base 5, what is -30 + -3401444141?
-3401444221
In base 11, what is -4943 + -4299a?
-47832
In base 2, what is -10111110010010 - -11010011000?
-10100011111010
In base 4, what is 1302 - -322322233?
322330201
In base 11, what is -22930aa99 - 0?
-22930aa99
In base 3, what is 1000102000222 - -11?
1000102001010
In base 9, what is -2 - -357678028?
357678026
In base 11, what is -29560a - 145?
-295754
In base 4, what is 122011 + 2022?
130033
In base 5, what is 122123402430 - 2?
122123402423
In base 4, what is 30303213 + -100112?
30203101
In base 6, what is 0 + 3420153551?
3420153551
In base 15, what is 4b + -9c1d?
-9bc2
In base 14, what is 22b2cb + 3d?
22b32a
In base 8, what is 33 + 17746062?
17746115
In base 13, what is 2674040 + 5?
2674045
In base 4, what is -311030 - -1232?
-303132
In base 16, what is -16b21f1 - 0?
-16b21f1
In base 11, what is 487 + 238?
714
In base 3, what is 220 - 10021121011011?
-10021121010021
In base 2, what is 100010001000111000001101 + -110?
100010001000111000000111
In base 15, what is 929 + -12082?
-11658
In base 6, what is -130341 - 5515?
-140300
In base 9, what is 872185 - 5?
872180
In base 9, what is 0 + 20312262?
20312262
In base 5, what is -14402024011 + 10?
-14402024001
In base 10, what is 491 + 12395?
12886
In base 4, what is 33 - -12330121310?
12330122003
In base 4, what is -1110011 + -11020231?
-12130302
In base 10, what is -29 + 12032960?
12032931
In base 3, what is -120022100 + -100111221?
-220211021
In base 15, what is -270a5d + -4d?
-270aab
In base 5, what is 233012 - 43211?
134301
In base 3, what is -100 + -112001100121?
-112001100221
In base 5, what is 1232 + -22210342?
-22204110
In base 7, what is 101323 + -104435?
-3112
In base 2, what is -1001010001101101001 + -10010010?
-1001010001111111011
In base 14, what is 44c613 + 3d?
44c652
In base 11, what is -42 + 14523?
14491
In base 4, what is 2230212 + 2301200?
11132012
In base 6, what is 23 + -20002301?
-20002234
In base 2, what is 101110000111000 - -10100110?
101110011011110
In base 13, what is 4c + -522a0?
-52251
In base 6, what is -220 - 5502424?
-5503044
In base 8, what is -1303 - -30423?
27120
In base 13, what is 1 + 2556a0b?
2556a0c
In base 15, what is 8 + 5eac70b?
5eac714
In base 9, what is -7 + 123464?
123456
In base 15, what is -2e9 + -e0e2c?
-e1226
In base 10, what is -11 - -796859?
796848
In base 11, what is 5295933 - -4?
5295937
In base 10, what is 232 + -7427?
-7195
In base 14, what is 3a616c + -13?
3a6159
In base 12, what is -15030 + -27?
-15057
In base 15, what is 3 + 8060ab?
8060ae
In base 2, what is -111111110010011011101011111 - 11?
-111111110010011011101100010
In base 16, what is 15cb59e - -7?
15cb5a5
In base 5, what is -20221 + -12122403?
-12143124
In base 6, what is 1134541 - -1130?
1140111
In base 6, what is -302223 + 3203?
-255020
In base 14, what is 33c2d - -c7?
33d16
In base 6, what is -12021111 + 21?
-12021050
In base 10, what is -33 + 10531156?
10531123
In base 15, what is -66 - 3eda8?
-3ee1e
In base 10, what is -2530595 + 2?
-2530593
In base 12, what is 1b520487 - -2?
1b520489
In base 11, what is 12999 + 1927?
14815
In base 14, what is 8 + 916d9?
91703
In base 12, what is -b6b480 + -1?
-b6b481
In base 9, what is -1 + -208883272?
-208883273
In base 8, what is -65333 - 224?
-65557
In base 6, what is 32510 + -133455?
-100545
In base 11, what is -3 + -949890a?
-9498912
In base 7, what is 15131200 + 24?
15131224
In base 3, what is 102202120021021 - 101?
102202120020220
In base 10, what is -4929368 + 2?
-4929366
In base 9, what is 12647 + -712?
11835
In base 3, what is -21010021220201 + 11?
-21010021220120
In base 5, what is 1031221 - -30432?
1112203
In base 11, what is -11 + -55408?
-55419
In base 16, what is -240 + 2fb54?
2f914
In base 4, what is 231113303321 + 11?
231113303332
In base 7, what is 155 - -514646?
515134
In base 15, what is -1c01 + -7ba4?
-98a5
In base 9, what is 2 + -257015703?
-257015701
In base 13, what is -9b90cb - 3?
-9b9101
In base 9, what is 16058 + 607?
16666
In base 10, what is 10921127 + 2?
10921129
In base 13, what is -33c43290 - 2?
-33c43292
In base 2, what is 110101 - -10110100110001101010111?
10110100110001110001100
In base 16, what is 254a00 - 5?
2549fb
In base 13, what is -10360 - 32?
-10392
In base 13, what is -91 - -1c372?
1c2b1
In base 12, what is -3389877 - -7?
-3389870
In base 15, what is 8 - 3a6c7a8?
-3a6c7a0
In base 6, what is -101233134 - 51?
-101233225
In base 8, what